 - 31. What is y(-22)?
13
Let f(a) = -a**2 + 3*a - 7. Calculate f(6).
-25
Let n(z) = -z**3 - 2*z**2 + 4*z. What is n(-3)?
-3
Let i(z) = -2*z**2 + 29*z + 5. Calculate i(14).
19
Let g(l) = -l + 8. Calculate g(5).
3
Let h(d) = -2*d**3 - 4*d**2 - 2*d + 1. What is h(-2)?
5
Let m(v) = 16*v + 268. What is m(-17)?
-4
Let q(v) = -323*v + 1615. What is q(5)?
0
Let i(k) = 2*k**3 + 23*k**2 + 33*k + 18. Calculate i(-10).
-12
Let c(r) = -2*r - 7. Calculate c(10).
-27
Let v(y) = -2*y**3 - 11*y**2 + 6*y + 4. Give v(-6).
4
Let v(a) = a**3 - 8*a**2 + 7*a - 11. Calculate v(7).
-11
Let l(n) = 2*n - 6. Calculate l(9).
12
Let f(t) = t**3 + 5*t**2 + t - 11. Determine f(-4).
1
Let f(x) = -x**2 + 2*x. Calculate f(2).
0
Let x(z) = -2*z**2 - 3*z. Give x(-2).
-2
Let u(n) = -3*n - 15. What is u(-10)?
15
Let h(r) = 6*r**2 - 2*r + 3. Calculate h(4).
91
Let i(x) = -x**2 + 6*x + 9. Determine i(7).
2
Let z(y) = -4*y - 11. Determine z(14).
-67
Let o(u) = 3*u - 6. Give o(10).
24
Let v(n) = 4*n**2 + 4*n + 2. Give v(-1).
2
Let i(c) = -c**2 + 3*c + 9. Determine i(6).
-9
Let i(z) = 74*z + 39. What is i(-1)?
-35
Let h(f) = -4*f - 14. What is h(13)?
-66
Let n(b) = -b**3 + 2*b**2 + 5*b - 3. Determine n(3).
3
Let d(u) = u**2 - 11*u + 3. What is d(8)?
-21
Let g(i) = -i**3 - 21*i**2 - 5*i - 89. Give g(-21).
16
Let m(g) = g**3 + 7*g**2 + 2*g + 1. What is m(-5)?
41
Let h(m) = -m**2 - 9*m + 15. Calculate h(-11).
-7
Let c(t) = -2*t**2 + 2*t + 38. Determine c(6).
-22
Let b(h) = -4*h**2 + 4*h + 2. Calculate b(-1).
-6
Let x(f) = f**2 + 10*f + 38. What is x(-4)?
14
Let m(p) = -p**3 - 4*p**2 + 9*p + 18. Determine m(-5).
-2
Let a(h) = h**3 - 6*h**2 - 7*h - 5. What is a(7)?
-5
Let w(d) = -d**3 + 11*d**2 - 21*d + 16. Give w(9).
-11
Let h(l) = -l**2 + 10*l + 4. Give h(5).
29
Let o(d) = d**3 + 6*d**2 + 2*d - 1. Determine o(-4).
23
Let q(a) = a**2 - 2*a - 1. Determine q(3).
2
Let t(q) = 2*q**3 + 70*q**2 + 3*q + 100. What is t(-35)?
-5
Let x(t) = -t**3 + 8*t**2 - 8*t + 7. Give x(5).
42
Let k(t) = -t**3 - 28*t**2 - 74*t + 22. Calculate k(-25).
-3
Let l(p) = p + 2. Determine l(-5).
-3
Let v(t) = t**3 - 12*t**2 + 4*t - 23. Give v(12).
25
Let w(j) = -3*j**2 + 4*j + 2. Calculate w(-4).
-62
Let z(f) = -f**3 - 17*f**2 - 30*f - 9. Determine z(-15).
-9
Let j(k) = -k**2 + 10*k - 25. Give j(5).
0
Let s(d) = 6*d**3 + 23*d**2 - 2*d + 9. What is s(-4)?
1
Let g(c) = c**3 + 6*c**2 - 14. Calculate g(-7).
-63
Let t(b) = -11*b - 10. Calculate t(-5).
45
Let w(r) = r**3 - 17*r**2 - 18*r + 1. Give w(18).
1
Let m(i) = i**3 - 4*i**2 - 2*i + 4. Give m(3).
-11
Let s(y) = -y**3 - 15*y**2 - 35*y + 6. Determine s(-12).
-6
Let k(q) = q**3 - 17*q**2 + 17*q - 19. Calculate k(16).
-3
Let k(j) = j**3 - 6*j**2 - 12*j + 10. What is k(8)?
42
Let c(v) = 15*v + 79. Calculate c(-7).
-26
Let h(v) = -v**3 - 14*v**2 - 17*v + 8. What is h(-13)?
60
Let b(i) = -i**2 + 16*i - 5. Calculate b(13).
34
Let f(o) = o**3 - 7*o**2 + 5*o - 6. Give f(5).
-31
Let k(m) = 5*m**2. Give k(-1).
5
Let a(d) = -2*d. Calculate a(-1).
2
Let v(g) = -g**3 - g**2 + 4. What is v(-4)?
52
Let h(s) = -8*s + 110. Give h(16).
-18
Let a(b) = -b + 5. Calculate a(-18).
23
Let h(k) = k**3 + 11*k**2 + 10*k - 13. Give h(-10).
-13
Let j(q) = -q**3 - q + 6. What is j(0)?
6
Let j(t) = -13*t**2 + 117*t + 8. Determine j(9).
8
Let r(c) = 48*c + 125. Give r(-3).
-19
Let w(f) = -9*f - 1. What is w(1)?
-10
Let c(s) = -s**2 + s + 10. Determine c(7).
-32
Let l(u) = 10*u - 25. What is l(8)?
55
Let d(f) = f**3 - 6*f**2 + 3*f + 2. Determine d(5).
-8
Let y(o) = 10*o + 5. Calculate y(0).
5
Let k(i) = i**3 + 7*i**2 - 3*i - 1. Calculate k(-6).
53
Let p(s) = 3*s**2 - 46*s + 9. Calculate p(15).
-6
Let j(a) = -3*a**2 - 4*a - 5. Determine j(-2).
-9
Let c(n) = 5*n + 82. Give c(-26).
-48
Let d(i) = i**2 - 9*i + 15. Determine d(8).
7
Let d(l) = -l**2 + 10*l - 31. Give d(6).
-7
Let m(o) = -o**3 - 3*o + 3. Calculate m(0).
3
Let t(d) = d**2 + 22*d + 67. Give t(-22).
67
Let c(n) = -2*n**2 - 6*n - 2. Determine c(0).
-2
Let k(u) = u**2 - 3*u + 5. Determine k(4).
9
Let z(r) = 17*r**3 - 2*r**2 - r. Calculate z(-1).
-18
Let x(c) = -c**2 + 15*c - 14. Give x(15).
-14
Let i(m) = m - 43. What is i(22)?
-21
Let a(y) = y**3 + 16*y**2 - 14*y + 29. Determine a(-17).
-22
Let v(b) = -b**2 - 9*b - 3. Give v(-8).
5
Let s(i) = i**3 + 6*i**2 - i - 7. Give s(-7).
-49
Let y(s) = s**3 + 3*s**2 - 3*s + 3. Determine y(-4).
-1
Let v(x) = -x**3 - 9*x**2 + 9*x + 4. Give v(-10).
14
Let b(f) = -45*f + 276. What is b(6)?
6
Let z(g) = -42*g**2 + 3*g. Determine z(1).
-39
Let s(m) = -m**3 - 15*m**2 + 12. Give s(-15).
12
Let k(n) = -5*n - 213. What is k(-41)?
-8
Let y(h) = -2*h + 4. Calculate y(-14).
32
Let v(x) = 3*x - 8. Determine v(5).
7
Let b(n) = n**3 + 16*n**2 + 25*n - 38. Calculate b(-14).
4
Let t(s) = s + 2. Determine t(5).
7
Let o(h) = h - 8. Give o(6).
-2
Let f(p) = p**2 - 3. Determine f(0).
-3
Let b(w) = w**2 - 11*w + 15. Calculate b(9).
-3
Let q(m) = -2*m + 5. Determine q(5).
-5
Let u(d) = 3*d - 18. Calculate u(4).
-6
Let i(q) = -q**2 - 2*q + 13. Determine i(0).
13
Let x(v) = v**2 - 16*v + 16. Give x(13).
-23
Let c(p) = -9*p + 49. What is c(14)?
-77
Let q(g) = 4*g + 10. Give q(-5).
-10
Let n(x) = -x**3 + 7*x**2 + 7*x + 18. Calculate n(8).
10
Let s(f) = 3*f**2 - 7*f + 5. Calculate s(5).
45
Let y(s) = -s + 4. Calculate y(3).
1
Let i(t) = -t**2 - 8*t - 4. Calculate i(-4).
12
Let c(v) = v**3 + 17*v**2 + 31*v + 16. Determine c(-15).
1
Let o(h) = 5*h**3 + h**2 - 13*h - 13. Determine o(-1).
-4
Let v(z) = -6*z + 108. Give v(17).
6
Let b(k) = -k**2 + 11*k + 96. What is b(-6)?
-6
Let k(v) = 9*v + 32. Determine k(-12).
-76
Let n(l) = l**3 - 60*l**2 + 118*l - 115. Give n(58).
1
Let j(r) = -r**2 - 9*r - 18. Determine j(-7).
-4
Let r(g) = -g**3 - 15*g**2 - 18*g + 16. Give r(-13).
-88
Let y(c) = c**3 + 5*c**2 + 7*c + 15. Calculate y(-5).
-20
Let c(b) = b**2 + 4*b - 4. What is c(-4)?
-4
Let b(x) = -21*x**2. What is b(-2)?
-84
Let m(n) = 3*n - 1. Determine m(3).
8
Let t(m) = m**3 - 44*m**2 - 93*m + 53. What is t(46)?
7
Let i(m) = -m**3 + 6*m**2 - 2*m - 7. Calculate i(5).
8
Let k(r) = 2*r**2 + 27*r + 3. What is k(-14)?
17
Let z(b) = 8*b - 3. Determine z(18).
141
Let a(o) = o + 4. Give a(-12).
-8
Let j(s) = -s**2 + 5*s - 6. Give j(5).
-6
Let n(x) = x**3 - 6*x - 2. Calculate n(-3).
-11
Let s(u) = -5*u - 1. What is s(-1)?
4
Let r(h) = -12*h**2 - 51*h - 1. Calculate r(-4).
11
Let q(j) = -11*j + 14. Determine q(7).
-63
Let b(j) = -j**3 - 3*j**2 - 3*j + 52. What is b(0)?
52
Let s(z) = -z**2 + 19*z - 45. What is s(13)?
33
Let b(t) = 2*t**2 + 8*t - 9. What is b(2)?
15
Let d(x) = -11*x - 64. Give d(-4).
-20
Let m(p) = -2*p**3 + 2*p**2 - 2. Determine m(-2).
22
Let n(o) = 2*o**2 - 8*o + 17. Give n(7).
59
Let b(w) = 15*w + 32. Calculate b(-2).
2
Let f(s) = 2*s**3 + 27*s**2 + 34*s - 19. Determine f(-12).
5
Let s(k) = 8*k**2 - 6*k + 4. What is s(1)?
6
Let a(w) = -w**3 + 3*w**2 - 1. Determine a(2).
3
Let g(m) = -4*m + 113. Give g(28).
1
Let w(t) = t**3 + t**2 - 11*t + 4. Determine w(3).
7
Let h(i) = -i**3 + 9*i**2 - 4*i + 18. Determine h(8).
50
Let i(b) = 2*b - 1. Determine i(-3).
-7
Let y(o) = o**3 - 11*o**2 + 3*o - 27. What is y(11)?
6
Let x(s) = -7*s + 16. What is x(7)?
-33
Let a(c) = c**2 + 11*c + 23. What is a(-5)?
-7
Let c(s) = 3*s**2 + s - 22. Give c(0).
-22
Let f(a) = -a**2 + 2*a + 6. What is f(-3)?
-9
Let q(r) = 8*r + 10. Give q(2).
26
Let b(z) = -24*z**2 - 5*z - 9. Determine b(-2).
-95
Let d(p) = p**2 + 18*p - 124. Determine d(6).
20
Let x(i) = -i**2 + 11*i + 22. Determine x(17).
-80
Let z(s) = -2*s**3 - 3*s**2 + 2*s + 1. What is z(2)?
-23
Let p(m) = -m**3 + 12*m**2 - 10*m + 7. Give p(11).
18
Let o(m) = 5*m - 23. Determine o(8).
17
Let p(n) = 10*n + 4. Calculate p(-3).
-26
Let t(r) = 4*r + 4. Give t(-6).
-20
Let s(a) = a**3 - 10*a**2 + a + 8. Give s(7).
-132
Let k(a) = -7*a + 2. Give k(-3).
23
Let w(k) = k**2 - 5*k. Give w(4).
-4
Let t(y) = -y**2 - 16*y - 23. Give t(-2).
5
Let r(n) = 2*n - 44. Calculate r(25).
6
Let t(c) = 35*c - 215. Calculate t(6).
-5
Let q(h) = -h**2 + 11*h - 22. Give q(4).
6
Let w(l) = 14*l**2 + 2*l + 2. Calculate w(-1).
14
Let p(v) = 11*v - 94. Determine p(10).
16
Let l(m) = -m**3 - 9*m**2 - 14*m - 8. Calculate l(-7).
-8
Let v(p) = -4*p + 5. Give v(2).
-3
Let l(b) = -5*b - 8. Give l(0).
-8
Let m(n) = n**3 - 13*n**2 + 5*n + 21. Dete